{"id":120,"date":"2023-07-09T15:54:10","date_gmt":"2023-07-09T13:54:10","guid":{"rendered":"https:\/\/slinefizio.hu\/?page_id=120"},"modified":"2023-12-09T14:27:27","modified_gmt":"2023-12-09T13:27:27","slug":"munkatarsaink","status":"publish","type":"page","link":"https:\/\/slinefizio.hu\/?page_id=120","title":{"rendered":"Munkat\u00e1rsaink"},"content":{"rendered":"\t\t<div data-elementor-type=\"wp-page\" data-elementor-id=\"120\" class=\"elementor elementor-120\">\n\t\t\t\t\t\t\t\t\t<section class=\"elementor-section elementor-top-section elementor-element elementor-element-ebd74f4 elementor-section-boxed elementor-section-height-default elementor-section-height-default\" data-id=\"ebd74f4\" data-element_type=\"section\">\n\t\t\t\t\t\t<div class=\"elementor-container elementor-column-gap-default\">\n\t\t\t\t\t<div class=\"elementor-column elementor-col-50 elementor-top-column elementor-element elementor-element-226822e\" data-id=\"226822e\" data-element_type=\"column\">\n\t\t\t<div class=\"elementor-widget-wrap elementor-element-populated\">\n\t\t\t\t\t\t\t\t<div class=\"elementor-element elementor-element-ebc51b7 elementor-widget__width-initial elementor-widget elementor-widget-image\" data-id=\"ebc51b7\" data-element_type=\"widget\" data-widget_type=\"image.default\">\n\t\t\t\t<div class=\"elementor-widget-container\">\n\t\t\t<style>\/*! elementor - v3.14.0 - 26-06-2023 *\/\n.elementor-widget-image{text-align:center}.elementor-widget-image a{display:inline-block}.elementor-widget-image a img[src$=\".svg\"]{width:48px}.elementor-widget-image img{vertical-align:middle;display:inline-block}<\/style>\t\t\t\t\t\t\t\t\t\t\t\t<img loading=\"lazy\" decoding=\"async\" width=\"640\" height=\"853\" src=\"https:\/\/slinefizio.hu\/wp-content\/uploads\/2023\/07\/IMG-45d86d4c4b4895c21f505aaa50e923ea-V-768x1024.jpg\" class=\"attachment-large size-large wp-image-126\" alt=\"\" srcset=\"https:\/\/slinefizio.hu\/wp-content\/uploads\/2023\/07\/IMG-45d86d4c4b4895c21f505aaa50e923ea-V-768x1024.jpg 768w, https:\/\/slinefizio.hu\/wp-content\/uploads\/2023\/07\/IMG-45d86d4c4b4895c21f505aaa50e923ea-V-225x300.jpg 225w, https:\/\/slinefizio.hu\/wp-content\/uploads\/2023\/07\/IMG-45d86d4c4b4895c21f505aaa50e923ea-V-1152x1536.jpg 1152w, https:\/\/slinefizio.hu\/wp-content\/uploads\/2023\/07\/IMG-45d86d4c4b4895c21f505aaa50e923ea-V-1024x1365.jpg 1024w, https:\/\/slinefizio.hu\/wp-content\/uploads\/2023\/07\/IMG-45d86d4c4b4895c21f505aaa50e923ea-V.jpg 1200w\" sizes=\"auto, (max-width: 640px) 100vw, 640px\" \/>\t\t\t\t\t\t\t\t\t\t\t\t\t\t\t<\/div>\n\t\t\t\t<\/div>\n\t\t\t\t\t<\/div>\n\t\t<\/div>\n\t\t\t\t<div class=\"elementor-column elementor-col-50 elementor-top-column elementor-element elementor-element-4aa77a9\" data-id=\"4aa77a9\" data-element_type=\"column\">\n\t\t\t<div class=\"elementor-widget-wrap elementor-element-populated\">\n\t\t\t\t\t\t\t\t<div class=\"elementor-element elementor-element-eea3306 elementor-widget__width-initial elementor-widget elementor-widget-text-editor\" data-id=\"eea3306\" data-element_type=\"widget\" data-widget_type=\"text-editor.default\">\n\t\t\t\t<div class=\"elementor-widget-container\">\n\t\t\t<style>\/*! elementor - v3.14.0 - 26-06-2023 *\/\n.elementor-widget-text-editor.elementor-drop-cap-view-stacked .elementor-drop-cap{background-color:#69727d;color:#fff}.elementor-widget-text-editor.elementor-drop-cap-view-framed .elementor-drop-cap{color:#69727d;border:3px solid;background-color:transparent}.elementor-widget-text-editor:not(.elementor-drop-cap-view-default) .elementor-drop-cap{margin-top:8px}.elementor-widget-text-editor:not(.elementor-drop-cap-view-default) .elementor-drop-cap-letter{width:1em;height:1em}.elementor-widget-text-editor .elementor-drop-cap{float:left;text-align:center;line-height:1;font-size:50px}.elementor-widget-text-editor .elementor-drop-cap-letter{display:inline-block}<\/style>\t\t\t\t<h3><strong>Sinka Gr\u00e9ta<\/strong><\/h3><h4><strong>vezet\u0151 gy\u00f3gytorn\u00e1sz<\/strong><\/h4><h5>\u00a0<\/h5><h5>Mindig is meghat\u00e1roz\u00f3 szerepet t\u00f6lt\u00f6tt be \u00e9letemben a sport, k\u00f6zel egy \u00e9vtizeden kereszt\u00fcl \u00e9lsportol\u00f3 voltam. A koroszt\u00e1lyos ut\u00e1np\u00f3tl\u00e1s v\u00edzilabda v\u00e1logatottal Eur\u00f3pa bajnoks\u00e1gon V. helyez\u00e9st, valamint klubcsapatommal sz\u00e1mos feln\u0151tt OB\/1-es I. helyez\u00e9st \u00e9s Magyar Kupa gy\u0151zelmet zsebelhettem be.\u00a0<\/h5><h5>P\u00e1lyafut\u00e1somnak sports\u00e9r\u00fcl\u00e9s vetett v\u00e9get, \u00edgy kezdtem el a sportrehabilit\u00e1ci\u00f3 ter\u00fclete fele \u00e9rdekl\u0151dni, s ekkor fogalmaz\u00f3dott meg bennem, hogy hivat\u00e1somnak tekintsem meg\u00f3vni sportol\u00f3 t\u00e1rsaimat a s\u00e9r\u00fcl\u00e9sekt\u0151l.<\/h5>\t\t\t\t\t\t<\/div>\n\t\t\t\t<\/div>\n\t\t\t\t\t<\/div>\n\t\t<\/div>\n\t\t\t\t\t\t\t<\/div>\n\t\t<\/section>\n\t\t\t\t<section class=\"elementor-section elementor-top-section elementor-element elementor-element-c9cb742 elementor-section-boxed elementor-section-height-default elementor-section-height-default\" data-id=\"c9cb742\" data-element_type=\"section\">\n\t\t\t\t\t\t<div class=\"elementor-container elementor-column-gap-default\">\n\t\t\t\t\t<div class=\"elementor-column elementor-col-100 elementor-top-column elementor-element elementor-element-e9a3749\" data-id=\"e9a3749\" data-element_type=\"column\">\n\t\t\t<div class=\"elementor-widget-wrap elementor-element-populated\">\n\t\t\t\t\t\t\t\t<div class=\"elementor-element elementor-element-430bdb1 elementor-widget__width-initial elementor-widget elementor-widget-text-editor\" data-id=\"430bdb1\" data-element_type=\"widget\" data-widget_type=\"text-editor.default\">\n\t\t\t\t<div class=\"elementor-widget-container\">\n\t\t\t\t\t\t\t<h5><strong><span style=\"color: var( --e-global-color-text );\">2016-2020 P\u00e9csi Tudom\u00e1nyegyetem Eg\u00e9szs\u00e9gtudom\u00e1nyi Kar, Zalaegerszegi K\u00e9pz\u00e9si K\u00f6zpont \u2013 Gy\u00f3gytorn\u00e1sz Bsc<\/span><\/strong><\/h5><h5>2020-2022 Semmelweis Egyetem Fizioter\u00e1piai Tansz\u00e9k, Fizioter\u00e1pia Msc<\/h5><h5>2022-t\u0151l Semmelweis Egyetem R\u00e1cz K\u00e1roly Klinikai Orvostudom\u00e1nyok Doktori Iskola, PhD fokozatszerz\u00e9s<\/h5><h5>2020 j\u00faliusa \u00f3ta a Ferencv\u00e1rosi K\u00e9zilabda Akad\u00e9mia F\u00e9rfi szak\u00e1g\u00e1nak ut\u00e1np\u00f3tl\u00e1s koroszt\u00e1lyainak gy\u00f3gytorn\u00e1sza\u00a0<\/h5><h5>2021 szeptembere \u00f3ta a Semmelweis Egyetem Sportorvostan Tansz\u00e9k\u00e9n veszem ki r\u00e9szem a hallgat\u00f3k gyakorlati k\u00e9pz\u00e9s\u00e9b\u0151l mind magyar, mind angol nyelven<\/h5><h5>2023 MOBEK gy\u00f3gytorn\u00e1sz<\/h5><h5>2023 FTC MVM Feln\u0151tt N\u0151i V\u00edzilabda csapat\u00e1nak \u00e9s ut\u00e1np\u00f3tl\u00e1s csapatainak gy\u00f3gytorn\u00e1sza<\/h5><h5>2023 Magyar N\u0151i V\u00edzilabda V\u00e1logatott gy\u00f3gytorn\u00e1sza<\/h5><div>\u00a0<\/div><h5><b>Tanfolyamaim:<\/b><\/h5><h5>Schorth ISST 3D Scoliosis Therapy<\/h5><h5>PNF 1<\/h5><h5>PNF 2<\/h5><h5>PNF 3<\/h5><h5>PNF 4 Orthopaedics Course<\/h5><h5>PNF 4 Shoulder Dysfunctions and Their Treatment<\/h5><h5>FMS<\/h5><h5>ImPACT Clinical Report Interpretation<\/h5><h5>ImPACT Advanced Concussion Management<\/h5><h5>J\u00e1r\u00e1sdiagnosztika 2.<\/h5><h5>Dinamic Massage<\/h5><h5>Flexi Tape<\/h5><h5>Kinesio Tape Alap Tanfolyam<\/h5><h5>Kinesio Tape Halad\u00f3 Tanfolyam<\/h5><h5>Flossing<\/h5><div>\u00a0<\/div><h5><b>Szakter\u00fcleteim:<\/b><\/h5><h5>F\u0151k\u00e9nt sportrehabit\u00e1ci\u00f3, -prevenci\u00f3<\/h5><h5>Mozg\u00e1sszervi rehabilit\u00e1ci\u00f3<\/h5><h5>Gerincferd\u00fcl\u00e9s \u00e9s traum\u00e1s gerincs\u00e9r\u00fcl\u00e9sek kezel\u00e9se\u00a0<\/h5><h5>Sportspecifikus neurokognit\u00edv felm\u00e9r\u00e9s \u00e9s \u00e9rt\u00e9kel\u00e9s s\u00e9r\u00fcl\u00e9sek ut\u00e1n &#8211; egy\u00e9nre szabott fejleszt\u00e9si terv \u00f6ssze\u00e1ll\u00edt\u00e1sa<\/h5><div>\u00a0<\/div><div>\u00a0<\/div><div>\u00a0<\/div>\t\t\t\t\t\t<\/div>\n\t\t\t\t<\/div>\n\t\t\t\t\t<\/div>\n\t\t<\/div>\n\t\t\t\t\t\t\t<\/div>\n\t\t<\/section>\n\t\t\t\t<section class=\"elementor-section elementor-top-section elementor-element elementor-element-ac80123 elementor-section-boxed elementor-section-height-default elementor-section-height-default\" data-id=\"ac80123\" data-element_type=\"section\">\n\t\t\t\t\t\t<div class=\"elementor-container elementor-column-gap-default\">\n\t\t\t\t\t<div class=\"elementor-column elementor-col-100 elementor-top-column elementor-element elementor-element-d74234e\" data-id=\"d74234e\" data-element_type=\"column\">\n\t\t\t<div class=\"elementor-widget-wrap\">\n\t\t\t\t\t\t\t\t\t<\/div>\n\t\t<\/div>\n\t\t\t\t\t\t\t<\/div>\n\t\t<\/section>\n\t\t\t\t<section class=\"elementor-section elementor-top-section elementor-element elementor-element-61b5814 elementor-section-boxed elementor-section-height-default elementor-section-height-default\" data-id=\"61b5814\" data-element_type=\"section\">\n\t\t\t\t\t\t<div class=\"elementor-container elementor-column-gap-default\">\n\t\t\t\t\t<div class=\"elementor-column elementor-col-50 elementor-top-column elementor-element elementor-element-1309d55\" data-id=\"1309d55\" data-element_type=\"column\">\n\t\t\t<div class=\"elementor-widget-wrap elementor-element-populated\">\n\t\t\t\t\t\t\t\t<div class=\"elementor-element elementor-element-5cc8265 elementor-widget__width-initial elementor-widget elementor-widget-image\" data-id=\"5cc8265\" data-element_type=\"widget\" data-widget_type=\"image.default\">\n\t\t\t\t<div class=\"elementor-widget-container\">\n\t\t\t\t\t\t\t\t\t\t\t\t\t\t\t<img loading=\"lazy\" decoding=\"async\" width=\"640\" height=\"881\" src=\"https:\/\/slinefizio.hu\/wp-content\/uploads\/2023\/09\/371529749_864569602049446_4525756781948698075_n-744x1024.jpg\" class=\"attachment-large size-large wp-image-205\" alt=\"\" srcset=\"https:\/\/slinefizio.hu\/wp-content\/uploads\/2023\/09\/371529749_864569602049446_4525756781948698075_n-744x1024.jpg 744w, https:\/\/slinefizio.hu\/wp-content\/uploads\/2023\/09\/371529749_864569602049446_4525756781948698075_n-218x300.jpg 218w, https:\/\/slinefizio.hu\/wp-content\/uploads\/2023\/09\/371529749_864569602049446_4525756781948698075_n-768x1057.jpg 768w, https:\/\/slinefizio.hu\/wp-content\/uploads\/2023\/09\/371529749_864569602049446_4525756781948698075_n.jpg 780w\" sizes=\"auto, (max-width: 640px) 100vw, 640px\" \/>\t\t\t\t\t\t\t\t\t\t\t\t\t\t\t<\/div>\n\t\t\t\t<\/div>\n\t\t\t\t\t<\/div>\n\t\t<\/div>\n\t\t\t\t<div class=\"elementor-column elementor-col-50 elementor-top-column elementor-element elementor-element-4f8a360\" data-id=\"4f8a360\" data-element_type=\"column\">\n\t\t\t<div class=\"elementor-widget-wrap elementor-element-populated\">\n\t\t\t\t\t\t\t\t<div class=\"elementor-element elementor-element-a6b38d6 elementor-widget__width-initial elementor-widget elementor-widget-text-editor\" data-id=\"a6b38d6\" data-element_type=\"widget\" data-widget_type=\"text-editor.default\">\n\t\t\t\t<div class=\"elementor-widget-container\">\n\t\t\t\t\t\t\t<h3>Chrenk\u00f3 M\u00e1t\u00e9<\/h3><h4><strong>gy\u00f3gytorn\u00e1sz<\/strong><\/h4><h5>\u00a0<\/h5><h5>Az eg\u00e9szs\u00e9ges \u00e9letm\u00f3d \u00e9s a sport mindig az \u00e9letem szerves r\u00e9sz\u00e9t k\u00e9pezte. Mind kor\u00e1bbi sportol\u00f3k\u00e9nt, k\u00e9s\u0151bb \u00fasz\u00e1s szakedz\u0151k\u00e9nt \u00e9s jelenleg gy\u00f3gytorn\u00e1szk\u00e9nt is az eg\u00e9szs\u00e9get helyezem az els\u0151 helyre.<\/h5><h5>Az egyetemi \u00e9veim alatt a k\u00f6telez\u0151 klinikai gyakorlatok mellett sz\u00e1mos kiv\u00e1l\u00f3 gy\u00f3gytorn\u00e1sz mellett hospit\u00e1ltam, hogy a j\u00f6v\u0151ben a saj\u00e1t p\u00e1cienseim is a lehet\u0151 legjobb kezel\u00e9st kaphass\u00e1k meg \u00e9s seg\u00edthessek a c\u00e9ljaik el\u00e9r\u00e9seben.<\/h5><h5>Ami sz\u00e1momra fontos, hogy ez egy k\u00f6z\u00f6s munka, sz\u00e1m\u00edt a visszajelz\u00e9s\u00fck, t\u00fcrelemmel \u00e9s emp\u00e1ti\u00e1val fordulok a p\u00e1cienseimhez.<\/h5><h5>A f\u0151 \u00e9rdekl\u0151d\u00e9si ter\u00fcletem fizioter\u00e1pi\u00e1n bel\u00fcl els\u0151sorban a mozg\u00e1sszervi rehabilit\u00e1ci\u00f3, a sportrehabilit\u00e1ci\u00f3 \u00e9s a prevenci\u00f3.<\/h5><h5>Jelenleg a Ferencv\u00e1rosi Torna Club K\u00e9zilabda Akad\u00e9mia n\u0151i szak\u00e1g\u00e1nak ut\u00e1np\u00f3tl\u00e1s koroszt\u00e1lyainak gy\u00f3gytorn\u00e1sza vagyok.<\/h5><h5>A tudom\u00e1nyos munk\u00e1kban val\u00f3 akt\u00edv r\u00e9szv\u00e9tel sz\u00e1momra sz\u00edv\u00fcgy. Emiatt is kezdtem el a Semmelweis Egyetemen a kutat\u00f3i munk\u00e1t. Rendszeresen adok el\u0151 szakmai konferenci\u00e1kon \u00e9s publik\u00e1ci\u00f3s tev\u00e9kenys\u00e9get is v\u00e9gzek.<\/h5><div>\u00a0<\/div>\t\t\t\t\t\t<\/div>\n\t\t\t\t<\/div>\n\t\t\t\t\t<\/div>\n\t\t<\/div>\n\t\t\t\t\t\t\t<\/div>\n\t\t<\/section>\n\t\t\t\t<section class=\"elementor-section elementor-top-section elementor-element elementor-element-15308c2 elementor-section-boxed elementor-section-height-default elementor-section-height-default\" data-id=\"15308c2\" data-element_type=\"section\">\n\t\t\t\t\t\t<div class=\"elementor-container elementor-column-gap-default\">\n\t\t\t\t\t<div class=\"elementor-column elementor-col-100 elementor-top-column elementor-element elementor-element-9d6b476\" data-id=\"9d6b476\" data-element_type=\"column\">\n\t\t\t<div class=\"elementor-widget-wrap elementor-element-populated\">\n\t\t\t\t\t\t\t\t<div class=\"elementor-element elementor-element-9b74daa elementor-widget__width-initial elementor-widget elementor-widget-text-editor\" data-id=\"9b74daa\" data-element_type=\"widget\" data-widget_type=\"text-editor.default\">\n\t\t\t\t<div class=\"elementor-widget-container\">\n\t\t\t\t\t\t\t<h5>K\u00e9pz\u00e9seim:\u00a0<\/h5><h5>2019 Magyar Testnevel\u00e9si \u00e9s Sporttudom\u00e1nyi Egyetem &#8211; BSc Testnevel\u0151-edz\u0151<\/h5><h5>2021 ART Edz\u0151k\u00e9pz\u00e9s Kft. &#8211; OKJ Szem\u00e9lyi edz\u0151<\/h5><h5>2023. Semmelweis Egyetem &#8211; BSc Gy\u00f3gytorn\u00e1sz-Fizioterapeuta<\/h5><h5>2023-jelenleg: Semmelweis Egyetem &#8211; MSc Fizioter\u00e1pia<\/h5><h5>2023 PNF Shoulder Dysfunctions and Their Treatment<\/h5><p>\u00a0<\/p><h5>Munkahelyek:<\/h5><h5>2023 FTC K\u00e9zilabda Akad\u00e9mia n\u0151i ut\u00e1np\u00f3tl\u00e1s csapatainak gy\u00f3gytorn\u00e1sza<\/h5><h5>2023 FTC N\u0151i V\u00edzilabda serd\u00fcl\u0151 csapat\u00e1nak gy\u00f3gytorn\u00e1sza<\/h5><div>\u00a0<\/div><h5><b>Szakter\u00fcleteim:<\/b><\/h5><h5>F\u0151k\u00e9nt mozg\u00e1sszervi rehabilit\u00e1ci\u00f3<\/h5><div><h5>Sportrehabit\u00e1ci\u00f3, -prevenci\u00f3<\/h5><\/div><div>\u00a0<\/div><div>\u00a0<\/div>\t\t\t\t\t\t<\/div>\n\t\t\t\t<\/div>\n\t\t\t\t\t<\/div>\n\t\t<\/div>\n\t\t\t\t\t\t\t<\/div>\n\t\t<\/section>\n\t\t\t\t\t\t\t<\/div>\n\t\t","protected":false},"excerpt":{"rendered":"<p>Sinka Gr\u00e9ta vezet\u0151 gy\u00f3gytorn\u00e1sz \u00a0 Mindig is meghat\u00e1roz\u00f3 szerepet t\u00f6lt\u00f6tt<\/p>\n","protected":false},"author":2,"featured_media":0,"parent":0,"menu_order":0,"comment_status":"closed","ping_status":"closed","template":"","meta":{"footnotes":""},"class_list":["post-120","page","type-page","status-publish","hentry"],"_links":{"self":[{"href":"https:\/\/slinefizio.hu\/index.php?rest_route=\/wp\/v2\/pages\/120","targetHints":{"allow":["GET"]}}],"collection":[{"href":"https:\/\/slinefizio.hu\/index.php?rest_route=\/wp\/v2\/pages"}],"about":[{"href":"https:\/\/slinefizio.hu\/index.php?rest_route=\/wp\/v2\/types\/page"}],"author":[{"embeddable":true,"href":"https:\/\/slinefizio.hu\/index.php?rest_route=\/wp\/v2\/users\/2"}],"replies":[{"embeddable":true,"href":"https:\/\/slinefizio.hu\/index.php?rest_route=%2Fwp%2Fv2%2Fcomments&post=120"}],"version-history":[{"count":25,"href":"https:\/\/slinefizio.hu\/index.php?rest_route=\/wp\/v2\/pages\/120\/revisions"}],"predecessor-version":[{"id":239,"href":"https:\/\/slinefizio.hu\/index.php?rest_route=\/wp\/v2\/pages\/120\/revisions\/239"}],"wp:attachment":[{"href":"https:\/\/slinefizio.hu\/index.php?rest_route=%2Fwp%2Fv2%2Fmedia&parent=120"}],"curies":[{"name":"wp","href":"https:\/\/api.w.org\/{rel}","templated":true}]}}